{"version":"1.0","provider_name":"Colegio Manquecura Valle Lo Campino","provider_url":"https:\/\/www.manquecura.cl\/valle-lo-campino","author_name":"jorgedelcampo","author_url":"https:\/\/www.manquecura.cl\/valle-lo-campino\/noticias\/author\/jorgedelcampo\/","title":"Celebraci\u00f3n D\u00eda del Padre, IV Medio - Colegio Manquecura Valle Lo Campino","type":"rich","width":600,"height":338,"html":"<blockquote class=\"wp-embedded-content\" data-secret=\"faQBhiVyYr\"><a href=\"https:\/\/www.manquecura.cl\/valle-lo-campino\/noticias\/celebracion-dia-del-padre-iv-medio\/\">Celebraci\u00f3n D\u00eda del Padre, IV Medio<\/a><\/blockquote><iframe sandbox=\"allow-scripts\" security=\"restricted\" src=\"https:\/\/www.manquecura.cl\/valle-lo-campino\/noticias\/celebracion-dia-del-padre-iv-medio\/embed\/#?secret=faQBhiVyYr\" width=\"600\" height=\"338\" title=\"\u00abCelebraci\u00f3n D\u00eda del Padre, IV Medio\u00bb \u2014 Colegio Manquecura Valle Lo Campino\" data-secret=\"faQBhiVyYr\" frameborder=\"0\" marginwidth=\"0\" marginheight=\"0\" scrolling=\"no\" class=\"wp-embedded-content\"><\/iframe><script type=\"text\/javascript\">\n\/* <![CDATA[ *\/\n\/*! This file is auto-generated *\/\n!function(d,l){\"use strict\";l.querySelector&&d.addEventListener&&\"undefined\"!=typeof URL&&(d.wp=d.wp||{},d.wp.receiveEmbedMessage||(d.wp.receiveEmbedMessage=function(e){var t=e.data;if((t||t.secret||t.message||t.value)&&!\/[^a-zA-Z0-9]\/.test(t.secret)){for(var s,r,n,a=l.querySelectorAll('iframe[data-secret=\"'+t.secret+'\"]'),o=l.querySelectorAll('blockquote[data-secret=\"'+t.secret+'\"]'),c=new RegExp(\"^https?:$\",\"i\"),i=0;i<o.length;i++)o[i].style.display=\"none\";for(i=0;i<a.length;i++)s=a[i],e.source===s.contentWindow&&(s.removeAttribute(\"style\"),\"height\"===t.message?(1e3<(r=parseInt(t.value,10))?r=1e3:~~r<200&&(r=200),s.height=r):\"link\"===t.message&&(r=new URL(s.getAttribute(\"src\")),n=new URL(t.value),c.test(n.protocol))&&n.host===r.host&&l.activeElement===s&&(d.top.location.href=t.value))}},d.addEventListener(\"message\",d.wp.receiveEmbedMessage,!1),l.addEventListener(\"DOMContentLoaded\",function(){for(var e,t,s=l.querySelectorAll(\"iframe.wp-embedded-content\"),r=0;r<s.length;r++)(t=(e=s[r]).getAttribute(\"data-secret\"))||(t=Math.random().toString(36).substring(2,12),e.src+=\"#?secret=\"+t,e.setAttribute(\"data-secret\",t)),e.contentWindow.postMessage({message:\"ready\",secret:t},\"*\")},!1)))}(window,document);\n\/\/# sourceURL=https:\/\/www.manquecura.cl\/valle-lo-campino\/wp-includes\/js\/wp-embed.min.js\n\/* ]]> *\/\n<\/script>\n","thumbnail_url":"https:\/\/www.manquecura.cl\/valle-lo-campino\/wp-content\/uploads\/sites\/40\/2022\/06\/836x523VLC.png","thumbnail_width":836,"thumbnail_height":523,"description":"Este viernes, los alumnos de IV\u00a0Medios celebraron a sus padres, con un exquisito desayuno preparados por ellos mismos, junto a cartas emotivas y regalos para este d\u00eda. Cabe destacar, que \u00e9sta es la \u00faltima actividad que se realiza en nuestro establecimiento. Por lo mismo, cada curso ten\u00eda otras sorpresas preparadas para sus pap\u00e1s, fotografiando este [&hellip;]"}

Celebración Día del Padre, IV Medio - Colegio Manquecura Valle Lo Campino

<blockquote class="wp-embedded-content" data-secret="faQBhiVyYr"><a href="https://www.manquecura.cl/valle-lo-campino/noticias/celebracion-dia-del-padre-iv-medio/">Celebración Día del Padre, IV Medio</a></blockquote><iframe sandbox="allow-scripts" security="restricted" src="https://www.manquecura.cl/valle-lo-campino/noticias/celebracion-dia-del-padre-iv-medio/embed/#?secret=faQBhiVyYr" width="600" height="338" title="«Celebración Día del Padre, IV Medio» — Colegio Manquecura Valle Lo Campino" data-secret="faQBhiVyYr" frameborder="0" marginwidth="0" marginheight="0" scrolling="no" class="wp-embedded-content"></iframe><script type="text/javascript">
/* <![CDATA[ */
/*! This file is auto-generated */
!function(d,l){"use strict";l.querySelector&&d.addEventListener&&"undefined"!=typeof URL&&(d.wp=d.wp||{},d.wp.receiveEmbedMessage||(d.wp.receiveEmbedMessage=function(e){var t=e.data;if((t||t.secret||t.message||t.value)&&!/[^a-zA-Z0-9]/.test(t.secret)){for(var s,r,n,a=l.querySelectorAll('iframe[data-secret="'+t.secret+'"]'),o=l.querySelectorAll('blockquote[data-secret="'+t.secret+'"]'),c=new RegExp("^https?:$","i"),i=0;i<o.length;i++)o[i].style.display="none";for(i=0;i<a.length;i++)s=a[i],e.source===s.contentWindow&&(s.removeAttribute("style"),"height"===t.message?(1e3<(r=parseInt(t.value,10))?r=1e3:~~r<200&&(r=200),s.height=r):"link"===t.message&&(r=new URL(s.getAttribute("src")),n=new URL(t.value),c.test(n.protocol))&&n.host===r.host&&l.activeElement===s&&(d.top.location.href=t.value))}},d.addEventListener("message",d.wp.receiveEmbedMessage,!1),l.addEventListener("DOMContentLoaded",function(){for(var e,t,s=l.querySelectorAll("iframe.wp-embedded-content"),r=0;r<s.length;r++)(t=(e=s[r]).getAttribute("data-secret"))||(t=Math.random().toString(36).substring(2,12),e.src+="#?secret="+t,e.setAttribute("data-secret",t)),e.contentWindow.postMessage({message:"ready",secret:t},"*")},!1)))}(window,document);
//# sourceURL=https://www.manquecura.cl/valle-lo-campino/wp-includes/js/wp-embed.min.js
/* ]]> */
</script>

Este viernes, los alumnos de IV Medios celebraron a sus padres, con un exquisito desayuno preparados por ellos mismos, junto a cartas emotivas y regalos para este día. Cabe destacar, que ésta es la última actividad que se realiza en nuestro establecimiento. Por lo mismo, cada curso tenía otras sorpresas preparadas para sus papás, fotografiando este [&hellip;]
