{"version":"1.0","provider_name":"Colegio Manquecura Valle Lo Campino","provider_url":"https:\/\/www.manquecura.cl\/valle-lo-campino","author_name":"jorgedelcampo","author_url":"https:\/\/www.manquecura.cl\/valle-lo-campino\/noticias\/author\/jorgedelcampo\/","title":"Bienvenida Segundo Semestre Brigada Ecol\u00f3gica - Colegio Manquecura Valle Lo Campino","type":"rich","width":600,"height":338,"html":"<blockquote class=\"wp-embedded-content\" data-secret=\"LKzDCS995d\"><a href=\"https:\/\/www.manquecura.cl\/valle-lo-campino\/noticias\/bienvenida-segundo-semestre-brigada-ecologica\/\">Bienvenida Segundo Semestre Brigada Ecol\u00f3gica<\/a><\/blockquote><iframe sandbox=\"allow-scripts\" security=\"restricted\" src=\"https:\/\/www.manquecura.cl\/valle-lo-campino\/noticias\/bienvenida-segundo-semestre-brigada-ecologica\/embed\/#?secret=LKzDCS995d\" width=\"600\" height=\"338\" title=\"\u00abBienvenida Segundo Semestre Brigada Ecol\u00f3gica\u00bb \u2014 Colegio Manquecura Valle Lo Campino\" data-secret=\"LKzDCS995d\" frameborder=\"0\" marginwidth=\"0\" marginheight=\"0\" scrolling=\"no\" class=\"wp-embedded-content\"><\/iframe><script type=\"text\/javascript\">\n\/* <![CDATA[ *\/\n\/*! This file is auto-generated *\/\n!function(d,l){\"use strict\";l.querySelector&&d.addEventListener&&\"undefined\"!=typeof URL&&(d.wp=d.wp||{},d.wp.receiveEmbedMessage||(d.wp.receiveEmbedMessage=function(e){var t=e.data;if((t||t.secret||t.message||t.value)&&!\/[^a-zA-Z0-9]\/.test(t.secret)){for(var s,r,n,a=l.querySelectorAll('iframe[data-secret=\"'+t.secret+'\"]'),o=l.querySelectorAll('blockquote[data-secret=\"'+t.secret+'\"]'),c=new RegExp(\"^https?:$\",\"i\"),i=0;i<o.length;i++)o[i].style.display=\"none\";for(i=0;i<a.length;i++)s=a[i],e.source===s.contentWindow&&(s.removeAttribute(\"style\"),\"height\"===t.message?(1e3<(r=parseInt(t.value,10))?r=1e3:~~r<200&&(r=200),s.height=r):\"link\"===t.message&&(r=new URL(s.getAttribute(\"src\")),n=new URL(t.value),c.test(n.protocol))&&n.host===r.host&&l.activeElement===s&&(d.top.location.href=t.value))}},d.addEventListener(\"message\",d.wp.receiveEmbedMessage,!1),l.addEventListener(\"DOMContentLoaded\",function(){for(var e,t,s=l.querySelectorAll(\"iframe.wp-embedded-content\"),r=0;r<s.length;r++)(t=(e=s[r]).getAttribute(\"data-secret\"))||(t=Math.random().toString(36).substring(2,12),e.src+=\"#?secret=\"+t,e.setAttribute(\"data-secret\",t)),e.contentWindow.postMessage({message:\"ready\",secret:t},\"*\")},!1)))}(window,document);\n\/\/# sourceURL=https:\/\/www.manquecura.cl\/valle-lo-campino\/wp-includes\/js\/wp-embed.min.js\n\/* ]]> *\/\n<\/script>\n","thumbnail_url":"https:\/\/www.manquecura.cl\/valle-lo-campino\/wp-content\/uploads\/sites\/40\/2023\/08\/BRIGADA-ECOLOGICA-1.png?w=600","thumbnail_width":600,"thumbnail_height":375,"description":"La profesora gu\u00eda de nuestra Brigada Ecol\u00f3gica Carolyn Solorza, quiso comenzar este segundo semestre con una bienvenida muy especial. Adem\u00e1s de que se integraron nuevos Agentes de Cambio, era el d\u00eda para celebrar el D\u00eda de la Ni\u00f1ez con nuestros estudiantes. &nbsp; Con una convivencia y palabras de motivaci\u00f3n es que comenzaron las nuevas ideas [&hellip;]"}

Bienvenida Segundo Semestre Brigada Ecológica - Colegio Manquecura Valle Lo Campino

<blockquote class="wp-embedded-content" data-secret="LKzDCS995d"><a href="https://www.manquecura.cl/valle-lo-campino/noticias/bienvenida-segundo-semestre-brigada-ecologica/">Bienvenida Segundo Semestre Brigada Ecológica</a></blockquote><iframe sandbox="allow-scripts" security="restricted" src="https://www.manquecura.cl/valle-lo-campino/noticias/bienvenida-segundo-semestre-brigada-ecologica/embed/#?secret=LKzDCS995d" width="600" height="338" title="«Bienvenida Segundo Semestre Brigada Ecológica» — Colegio Manquecura Valle Lo Campino" data-secret="LKzDCS995d" frameborder="0" marginwidth="0" marginheight="0" scrolling="no" class="wp-embedded-content"></iframe><script type="text/javascript">
/* <![CDATA[ */
/*! This file is auto-generated */
!function(d,l){"use strict";l.querySelector&&d.addEventListener&&"undefined"!=typeof URL&&(d.wp=d.wp||{},d.wp.receiveEmbedMessage||(d.wp.receiveEmbedMessage=function(e){var t=e.data;if((t||t.secret||t.message||t.value)&&!/[^a-zA-Z0-9]/.test(t.secret)){for(var s,r,n,a=l.querySelectorAll('iframe[data-secret="'+t.secret+'"]'),o=l.querySelectorAll('blockquote[data-secret="'+t.secret+'"]'),c=new RegExp("^https?:$","i"),i=0;i<o.length;i++)o[i].style.display="none";for(i=0;i<a.length;i++)s=a[i],e.source===s.contentWindow&&(s.removeAttribute("style"),"height"===t.message?(1e3<(r=parseInt(t.value,10))?r=1e3:~~r<200&&(r=200),s.height=r):"link"===t.message&&(r=new URL(s.getAttribute("src")),n=new URL(t.value),c.test(n.protocol))&&n.host===r.host&&l.activeElement===s&&(d.top.location.href=t.value))}},d.addEventListener("message",d.wp.receiveEmbedMessage,!1),l.addEventListener("DOMContentLoaded",function(){for(var e,t,s=l.querySelectorAll("iframe.wp-embedded-content"),r=0;r<s.length;r++)(t=(e=s[r]).getAttribute("data-secret"))||(t=Math.random().toString(36).substring(2,12),e.src+="#?secret="+t,e.setAttribute("data-secret",t)),e.contentWindow.postMessage({message:"ready",secret:t},"*")},!1)))}(window,document);
//# sourceURL=https://www.manquecura.cl/valle-lo-campino/wp-includes/js/wp-embed.min.js
/* ]]> */
</script>

La profesora guía de nuestra Brigada Ecológica Carolyn Solorza, quiso comenzar este segundo semestre con una bienvenida muy especial. Además de que se integraron nuevos Agentes de Cambio, era el día para celebrar el Día de la Niñez con nuestros estudiantes. &nbsp; Con una convivencia y palabras de motivación es que comenzaron las nuevas ideas [&hellip;]
