{"version":"1.0","provider_name":"Colegio Manquecura Valle Lo Campino","provider_url":"https:\/\/www.manquecura.cl\/valle-lo-campino","author_name":"jorgedelcampo","author_url":"https:\/\/www.manquecura.cl\/valle-lo-campino\/noticias\/author\/jorgedelcampo\/","title":"2\u00b0 Green Day 2023 - Colegio Manquecura Valle Lo Campino","type":"rich","width":600,"height":338,"html":"<blockquote class=\"wp-embedded-content\" data-secret=\"PGtFsrcFBp\"><a href=\"https:\/\/www.manquecura.cl\/valle-lo-campino\/noticias\/2-green-day-2023\/\">2\u00b0 Green Day 2023<\/a><\/blockquote><iframe sandbox=\"allow-scripts\" security=\"restricted\" src=\"https:\/\/www.manquecura.cl\/valle-lo-campino\/noticias\/2-green-day-2023\/embed\/#?secret=PGtFsrcFBp\" width=\"600\" height=\"338\" title=\"\u00ab2\u00b0 Green Day 2023\u00bb \u2014 Colegio Manquecura Valle Lo Campino\" data-secret=\"PGtFsrcFBp\" frameborder=\"0\" marginwidth=\"0\" marginheight=\"0\" scrolling=\"no\" class=\"wp-embedded-content\"><\/iframe><script type=\"text\/javascript\">\n\/* <![CDATA[ *\/\n\/*! This file is auto-generated *\/\n!function(d,l){\"use strict\";l.querySelector&&d.addEventListener&&\"undefined\"!=typeof URL&&(d.wp=d.wp||{},d.wp.receiveEmbedMessage||(d.wp.receiveEmbedMessage=function(e){var t=e.data;if((t||t.secret||t.message||t.value)&&!\/[^a-zA-Z0-9]\/.test(t.secret)){for(var s,r,n,a=l.querySelectorAll('iframe[data-secret=\"'+t.secret+'\"]'),o=l.querySelectorAll('blockquote[data-secret=\"'+t.secret+'\"]'),c=new RegExp(\"^https?:$\",\"i\"),i=0;i<o.length;i++)o[i].style.display=\"none\";for(i=0;i<a.length;i++)s=a[i],e.source===s.contentWindow&&(s.removeAttribute(\"style\"),\"height\"===t.message?(1e3<(r=parseInt(t.value,10))?r=1e3:~~r<200&&(r=200),s.height=r):\"link\"===t.message&&(r=new URL(s.getAttribute(\"src\")),n=new URL(t.value),c.test(n.protocol))&&n.host===r.host&&l.activeElement===s&&(d.top.location.href=t.value))}},d.addEventListener(\"message\",d.wp.receiveEmbedMessage,!1),l.addEventListener(\"DOMContentLoaded\",function(){for(var e,t,s=l.querySelectorAll(\"iframe.wp-embedded-content\"),r=0;r<s.length;r++)(t=(e=s[r]).getAttribute(\"data-secret\"))||(t=Math.random().toString(36).substring(2,12),e.src+=\"#?secret=\"+t,e.setAttribute(\"data-secret\",t)),e.contentWindow.postMessage({message:\"ready\",secret:t},\"*\")},!1)))}(window,document);\n\/\/# sourceURL=https:\/\/www.manquecura.cl\/valle-lo-campino\/wp-includes\/js\/wp-embed.min.js\n\/* ]]> *\/\n<\/script>\n","thumbnail_url":"https:\/\/www.manquecura.cl\/valle-lo-campino\/wp-content\/uploads\/sites\/40\/2023\/06\/2GREEN_DAY23-20.png?w=600","thumbnail_width":600,"thumbnail_height":375,"description":"En nuestro 2\u00b0 Green Day, nuestros l\u00edderes de Brigada Ecol\u00f3gica desarroll\u00f3 diversas actividades, Ense\u00f1anza Media, particip\u00f3 en la recolecci\u00f3n de tapas de botellas que se ir\u00e1n contadas al Hospital Luis Calvo Mackenna, para entregar a la Damas de Caf\u00e9 que trabajan para y por los ni\u00f1os y ni\u00f1as con c\u00e1ncer. Desde 3\u00b0 a IV\u00b0 Medio [&hellip;]"}

En nuestro 2° Green Day, nuestros líderes de Brigada Ecológica desarrolló diversas actividades, Enseñanza Media, participó en la recolección de tapas de botellas que se irán contadas al Hospital Luis Calvo Mackenna, para entregar a la Damas de Café que trabajan para y por los niños y niñas con cáncer. Desde 3° a IV° Medio [&hellip;]
