{"version":"1.0","provider_name":"Colegio Manquecura Ciudad del Este","provider_url":"https:\/\/www.manquecura.cl\/ciudad-del-este","author_name":"jorgedelcampo","author_url":"https:\/\/www.manquecura.cl\/ciudad-del-este\/noticias\/author\/jorgedelcampo\/","title":"Salida Pedag\u00f3gica II Medio - Colegio Manquecura Ciudad del Este","type":"rich","width":600,"height":338,"html":"<blockquote class=\"wp-embedded-content\" data-secret=\"TGseC6g7ie\"><a href=\"https:\/\/www.manquecura.cl\/ciudad-del-este\/noticias\/salida-pedagogica-ii-medio\/\">Salida Pedag\u00f3gica II Medio<\/a><\/blockquote><iframe sandbox=\"allow-scripts\" security=\"restricted\" src=\"https:\/\/www.manquecura.cl\/ciudad-del-este\/noticias\/salida-pedagogica-ii-medio\/embed\/#?secret=TGseC6g7ie\" width=\"600\" height=\"338\" title=\"\u00abSalida Pedag\u00f3gica II Medio\u00bb \u2014 Colegio Manquecura Ciudad del Este\" data-secret=\"TGseC6g7ie\" frameborder=\"0\" marginwidth=\"0\" marginheight=\"0\" scrolling=\"no\" class=\"wp-embedded-content\"><\/iframe><script type=\"text\/javascript\">\n\/* <![CDATA[ *\/\n\/*! This file is auto-generated *\/\n!function(d,l){\"use strict\";l.querySelector&&d.addEventListener&&\"undefined\"!=typeof URL&&(d.wp=d.wp||{},d.wp.receiveEmbedMessage||(d.wp.receiveEmbedMessage=function(e){var t=e.data;if((t||t.secret||t.message||t.value)&&!\/[^a-zA-Z0-9]\/.test(t.secret)){for(var s,r,n,a=l.querySelectorAll('iframe[data-secret=\"'+t.secret+'\"]'),o=l.querySelectorAll('blockquote[data-secret=\"'+t.secret+'\"]'),c=new RegExp(\"^https?:$\",\"i\"),i=0;i<o.length;i++)o[i].style.display=\"none\";for(i=0;i<a.length;i++)s=a[i],e.source===s.contentWindow&&(s.removeAttribute(\"style\"),\"height\"===t.message?(1e3<(r=parseInt(t.value,10))?r=1e3:~~r<200&&(r=200),s.height=r):\"link\"===t.message&&(r=new URL(s.getAttribute(\"src\")),n=new URL(t.value),c.test(n.protocol))&&n.host===r.host&&l.activeElement===s&&(d.top.location.href=t.value))}},d.addEventListener(\"message\",d.wp.receiveEmbedMessage,!1),l.addEventListener(\"DOMContentLoaded\",function(){for(var e,t,s=l.querySelectorAll(\"iframe.wp-embedded-content\"),r=0;r<s.length;r++)(t=(e=s[r]).getAttribute(\"data-secret\"))||(t=Math.random().toString(36).substring(2,12),e.src+=\"#?secret=\"+t,e.setAttribute(\"data-secret\",t)),e.contentWindow.postMessage({message:\"ready\",secret:t},\"*\")},!1)))}(window,document);\n\/\/# sourceURL=https:\/\/www.manquecura.cl\/ciudad-del-este\/wp-includes\/js\/wp-embed.min.js\n\/* ]]> *\/\n<\/script>\n","thumbnail_url":"https:\/\/www.manquecura.cl\/ciudad-del-este\/wp-content\/uploads\/sites\/41\/2023\/11\/2-6.png?w=600","thumbnail_width":600,"thumbnail_height":375,"description":"Los segundos medios de Manquecura Ciudad del Este realizaron un Campamento recreativo, visitando el Camping Villa Los Duendes, que se ubica en El Toyo, comuna de Caj\u00f3n del Maipo. Los estudiantes definieron y se organizaron a trav\u00e9s de actividades recreativas, deportivas y de reflexi\u00f3n, en un entorno positivo y diferente, trabajando el liderazgo entre otros [&hellip;]"}

Salida Pedagógica II Medio - Colegio Manquecura Ciudad del Este

<blockquote class="wp-embedded-content" data-secret="TGseC6g7ie"><a href="https://www.manquecura.cl/ciudad-del-este/noticias/salida-pedagogica-ii-medio/">Salida Pedagógica II Medio</a></blockquote><iframe sandbox="allow-scripts" security="restricted" src="https://www.manquecura.cl/ciudad-del-este/noticias/salida-pedagogica-ii-medio/embed/#?secret=TGseC6g7ie" width="600" height="338" title="«Salida Pedagógica II Medio» — Colegio Manquecura Ciudad del Este" data-secret="TGseC6g7ie" frameborder="0" marginwidth="0" marginheight="0" scrolling="no" class="wp-embedded-content"></iframe><script type="text/javascript">
/* <![CDATA[ */
/*! This file is auto-generated */
!function(d,l){"use strict";l.querySelector&&d.addEventListener&&"undefined"!=typeof URL&&(d.wp=d.wp||{},d.wp.receiveEmbedMessage||(d.wp.receiveEmbedMessage=function(e){var t=e.data;if((t||t.secret||t.message||t.value)&&!/[^a-zA-Z0-9]/.test(t.secret)){for(var s,r,n,a=l.querySelectorAll('iframe[data-secret="'+t.secret+'"]'),o=l.querySelectorAll('blockquote[data-secret="'+t.secret+'"]'),c=new RegExp("^https?:$","i"),i=0;i<o.length;i++)o[i].style.display="none";for(i=0;i<a.length;i++)s=a[i],e.source===s.contentWindow&&(s.removeAttribute("style"),"height"===t.message?(1e3<(r=parseInt(t.value,10))?r=1e3:~~r<200&&(r=200),s.height=r):"link"===t.message&&(r=new URL(s.getAttribute("src")),n=new URL(t.value),c.test(n.protocol))&&n.host===r.host&&l.activeElement===s&&(d.top.location.href=t.value))}},d.addEventListener("message",d.wp.receiveEmbedMessage,!1),l.addEventListener("DOMContentLoaded",function(){for(var e,t,s=l.querySelectorAll("iframe.wp-embedded-content"),r=0;r<s.length;r++)(t=(e=s[r]).getAttribute("data-secret"))||(t=Math.random().toString(36).substring(2,12),e.src+="#?secret="+t,e.setAttribute("data-secret",t)),e.contentWindow.postMessage({message:"ready",secret:t},"*")},!1)))}(window,document);
//# sourceURL=https://www.manquecura.cl/ciudad-del-este/wp-includes/js/wp-embed.min.js
/* ]]> */
</script>

Los segundos medios de Manquecura Ciudad del Este realizaron un Campamento recreativo, visitando el Camping Villa Los Duendes, que se ubica en El Toyo, comuna de Cajón del Maipo. Los estudiantes definieron y se organizaron a través de actividades recreativas, deportivas y de reflexión, en un entorno positivo y diferente, trabajando el liderazgo entre otros [&hellip;]
