{"version":"1.0","provider_name":"Colegio Manquecura Ciudad del Este","provider_url":"https:\/\/www.manquecura.cl\/ciudad-del-este","author_name":"jorgedelcampo","author_url":"https:\/\/www.manquecura.cl\/ciudad-del-este\/noticias\/author\/jorgedelcampo\/","title":"Bienvenida a nuestro nuevo personal - Colegio Manquecura Ciudad del Este","type":"rich","width":600,"height":338,"html":"<blockquote class=\"wp-embedded-content\" data-secret=\"El8zIr79yt\"><a href=\"https:\/\/www.manquecura.cl\/ciudad-del-este\/noticias\/bienvenida-a-nuestro-nuevo-personal\/\">Bienvenida a nuestro nuevo personal<\/a><\/blockquote><iframe sandbox=\"allow-scripts\" security=\"restricted\" src=\"https:\/\/www.manquecura.cl\/ciudad-del-este\/noticias\/bienvenida-a-nuestro-nuevo-personal\/embed\/#?secret=El8zIr79yt\" width=\"600\" height=\"338\" title=\"\u00abBienvenida a nuestro nuevo personal\u00bb \u2014 Colegio Manquecura Ciudad del Este\" data-secret=\"El8zIr79yt\" frameborder=\"0\" marginwidth=\"0\" marginheight=\"0\" scrolling=\"no\" class=\"wp-embedded-content\"><\/iframe><script type=\"text\/javascript\">\n\/* <![CDATA[ *\/\n\/*! This file is auto-generated *\/\n!function(d,l){\"use strict\";l.querySelector&&d.addEventListener&&\"undefined\"!=typeof URL&&(d.wp=d.wp||{},d.wp.receiveEmbedMessage||(d.wp.receiveEmbedMessage=function(e){var t=e.data;if((t||t.secret||t.message||t.value)&&!\/[^a-zA-Z0-9]\/.test(t.secret)){for(var s,r,n,a=l.querySelectorAll('iframe[data-secret=\"'+t.secret+'\"]'),o=l.querySelectorAll('blockquote[data-secret=\"'+t.secret+'\"]'),c=new RegExp(\"^https?:$\",\"i\"),i=0;i<o.length;i++)o[i].style.display=\"none\";for(i=0;i<a.length;i++)s=a[i],e.source===s.contentWindow&&(s.removeAttribute(\"style\"),\"height\"===t.message?(1e3<(r=parseInt(t.value,10))?r=1e3:~~r<200&&(r=200),s.height=r):\"link\"===t.message&&(r=new URL(s.getAttribute(\"src\")),n=new URL(t.value),c.test(n.protocol))&&n.host===r.host&&l.activeElement===s&&(d.top.location.href=t.value))}},d.addEventListener(\"message\",d.wp.receiveEmbedMessage,!1),l.addEventListener(\"DOMContentLoaded\",function(){for(var e,t,s=l.querySelectorAll(\"iframe.wp-embedded-content\"),r=0;r<s.length;r++)(t=(e=s[r]).getAttribute(\"data-secret\"))||(t=Math.random().toString(36).substring(2,12),e.src+=\"#?secret=\"+t,e.setAttribute(\"data-secret\",t)),e.contentWindow.postMessage({message:\"ready\",secret:t},\"*\")},!1)))}(window,document);\n\/\/# sourceURL=https:\/\/www.manquecura.cl\/ciudad-del-este\/wp-includes\/js\/wp-embed.min.js\n\/* ]]> *\/\n<\/script>\n","thumbnail_url":"https:\/\/www.manquecura.cl\/ciudad-del-este\/wp-content\/uploads\/sites\/41\/2023\/09\/WEB_seguimos-mejorando_836-A\u2014-523-px.jpg?w=600","thumbnail_width":600,"thumbnail_height":375,"description":"Queremos compartir con nuestra comunidad escolar que, como parte de las mejoras implementadas en nuestra instituci\u00f3n, este semestre tuvimos un aumento de dotaci\u00f3n de personal, contando con tres personas para los nuevos cargos de:\u00a0Auxiliar de Porter\u00eda, Inspector\u00a0de Ense\u00f1anza B\u00e1sica y\u00a0Secretaria de Ense\u00f1anza Media. En adici\u00f3n a ello tenemos nuevas horas para el Equipo de Psicolog\u00eda\u00a0y, [&hellip;]"}

Queremos compartir con nuestra comunidad escolar que, como parte de las mejoras implementadas en nuestra institución, este semestre tuvimos un aumento de dotación de personal, contando con tres personas para los nuevos cargos de: Auxiliar de Portería, Inspector de Enseñanza Básica y Secretaria de Enseñanza Media. En adición a ello tenemos nuevas horas para el Equipo de Psicología y, [&hellip;]
