{"version":"1.0","provider_name":"Colegio Manquecura Ciudad de los Valles","provider_url":"https:\/\/www.manquecura.cl\/ciudad-de-los-valles","author_name":"jorgedelcampo","author_url":"https:\/\/www.manquecura.cl\/ciudad-de-los-valles\/noticias\/author\/jorgedelcampo\/","title":"Alcances del Seguro Escolar Estatal - Colegio Manquecura Ciudad de los Valles","type":"rich","width":600,"height":338,"html":"<blockquote class=\"wp-embedded-content\" data-secret=\"8SWLoxYZm8\"><a href=\"https:\/\/www.manquecura.cl\/ciudad-de-los-valles\/noticias\/14096-2\/\">Alcances del Seguro Escolar Estatal<\/a><\/blockquote><iframe sandbox=\"allow-scripts\" security=\"restricted\" src=\"https:\/\/www.manquecura.cl\/ciudad-de-los-valles\/noticias\/14096-2\/embed\/#?secret=8SWLoxYZm8\" width=\"600\" height=\"338\" title=\"\u00abAlcances del Seguro Escolar Estatal\u00bb \u2014 Colegio Manquecura Ciudad de los Valles\" data-secret=\"8SWLoxYZm8\" frameborder=\"0\" marginwidth=\"0\" marginheight=\"0\" scrolling=\"no\" class=\"wp-embedded-content\"><\/iframe><script type=\"text\/javascript\">\n\/* <![CDATA[ *\/\n\/*! This file is auto-generated *\/\n!function(d,l){\"use strict\";l.querySelector&&d.addEventListener&&\"undefined\"!=typeof URL&&(d.wp=d.wp||{},d.wp.receiveEmbedMessage||(d.wp.receiveEmbedMessage=function(e){var t=e.data;if((t||t.secret||t.message||t.value)&&!\/[^a-zA-Z0-9]\/.test(t.secret)){for(var s,r,n,a=l.querySelectorAll('iframe[data-secret=\"'+t.secret+'\"]'),o=l.querySelectorAll('blockquote[data-secret=\"'+t.secret+'\"]'),c=new RegExp(\"^https?:$\",\"i\"),i=0;i<o.length;i++)o[i].style.display=\"none\";for(i=0;i<a.length;i++)s=a[i],e.source===s.contentWindow&&(s.removeAttribute(\"style\"),\"height\"===t.message?(1e3<(r=parseInt(t.value,10))?r=1e3:~~r<200&&(r=200),s.height=r):\"link\"===t.message&&(r=new URL(s.getAttribute(\"src\")),n=new URL(t.value),c.test(n.protocol))&&n.host===r.host&&l.activeElement===s&&(d.top.location.href=t.value))}},d.addEventListener(\"message\",d.wp.receiveEmbedMessage,!1),l.addEventListener(\"DOMContentLoaded\",function(){for(var e,t,s=l.querySelectorAll(\"iframe.wp-embedded-content\"),r=0;r<s.length;r++)(t=(e=s[r]).getAttribute(\"data-secret\"))||(t=Math.random().toString(36).substring(2,12),e.src+=\"#?secret=\"+t,e.setAttribute(\"data-secret\",t)),e.contentWindow.postMessage({message:\"ready\",secret:t},\"*\")},!1)))}(window,document);\n\/\/# sourceURL=https:\/\/www.manquecura.cl\/ciudad-de-los-valles\/wp-includes\/js\/wp-embed.min.js\n\/* ]]> *\/\n<\/script>\n","thumbnail_url":"https:\/\/www.manquecura.cl\/ciudad-de-los-valles\/wp-content\/uploads\/sites\/42\/2022\/10\/21-3.jpg","thumbnail_width":836,"thumbnail_height":523,"description":"Nuestro Encargado de Seguridad del Alumno (ESA), Miss Lucia Moreno, y la T\u00e9cnico en Enfermer\u00eda (TENS), Miss B\u00e1rbara Pizarro, participaron en una jornada de capacitaci\u00f3n sobre el Seguro Escolar Estatal, organizada por el departamento de Health and Safety de Cognita Chile. Esta jornada ten\u00eda como objetivo actualizar y dar conocer el marco normativo del seguro [&hellip;]"}

Nuestro Encargado de Seguridad del Alumno (ESA), Miss Lucia Moreno, y la Técnico en Enfermería (TENS), Miss Bárbara Pizarro, participaron en una jornada de capacitación sobre el Seguro Escolar Estatal, organizada por el departamento de Health and Safety de Cognita Chile. Esta jornada tenía como objetivo actualizar y dar conocer el marco normativo del seguro [&hellip;]
